-6
What is the value of -3 + -4 - (1 - 15)?
7
What is 2 + -7 - (3 + (-1 - 2))?
-5
What is the value of 4 + -7 - (-4 - -3)?
-2
Evaluate -4 - (-8 - (1 + -5) - -5).
-5
Calculate -1 + -1 + 0 - (5 + -9).
2
What is -10 + (6 + 3 - 1) + -7?
-9
Evaluate -1 - (1 - (-2 - (-3 + 3))).
-4
What is the value of 5 - 9 - -5 - 4?
-3
What is -2 + (7 - 4) + 3?
4
What is the value of -2 + (2 - -3) - -4?
7
Evaluate 1 - -1 - (-48 + 44).
6
Calculate -3 + (-1 - (3 - 4 - 1)).
-2
What is (-1 - -1 - -1) + -3?
-2
What is 3 + -1 + (-7 - (-5 + 4))?
-4
Calculate -23 - -20 - (-3 + 1 - 1).
0
What is -2 + (-5 - (-2 + -7))?
2
Calculate 6 - (-6 - -18) - -2.
-4
What is 2 + 0 - (1 - -1)?
0
What is the value of 9 + -6 + -3 - 4?
-4
Evaluate 1 + (1 + -4 - (0 - -2)).
-4
Evaluate 10 - 1 - (5 + 6) - -13.
11
2 - (-3 + -2 + 7)
0
What is the value of -10 + 0 + (2 - -11) + -10?
-7
What is the value of -17 - -17 - (4 + 0) - -2?
-2
-4 - (-5 - (-4 + -1 + 1))
-3
Calculate -65 + 63 + -5 + 1.
-6
Evaluate (5 + -3 - 2 - 1) + 3.
2
What is 2 + -3 + (-3 - -4 - 1)?
-1
What is the value of 4 + 7 + -3 + -3?
5
Evaluate (-34 - -29) + (11 - 1).
5
What is the value of 8 - 4 - 4 - 3?
-3
What is the value of -4 - (-8 - ((-2 - -8) + -11))?
-1
What is 3 + 0 - (-17 - -18)?
2
What is the value of 5 + -3 - (1 - -1)?
0
What is -5 + (17 - 15 - (1 + -12))?
8
Calculate -4 + 6 + -4 + 1 - 4.
-5
What is 1 + (7 - 11) + -3?
-6
What is 1 + -2 + (0 - (3 - 4))?
0
What is -7 - (1 + -4) - (4 + -13)?
5
(7 - 18) + 8 + 3
0
What is the value of -2 - 3 - (-13 + -6 + 12)?
2
What is the value of 15 + -12 + -1 + -1 + -1?
0
6 + 0 + (10 - 14)
2
Calculate 1 - (-7 - -3 - (4 - 5)).
4
What is the value of (-1 + 3 - 3) + -4?
-5
Calculate -2 + -13 + 2 + 3.
-10
What is the value of (-2 - (-10 + 6)) + (0 - 5)?
-3
What is 4 + (-10 - (-3 + 1))?
-4
Calculate 3 - 8 - (-8 - 7) - 5.
5
What is the value of 1 + -2 - (-7 + 7 - 6)?
5
What is (0 - -4) + 2 + -4 + -3?
-1
(2 - (-2 + 3)) + -2 - 1
-2
What is -2 - -2 - (-6 - -3 - -3)?
0
Calculate (21 - 24) + (-2 - -2).
-3
What is 5 + 0 + (3 + 0 - 10)?
-2
Calculate -7 + (-33 - -39 - (2 - -1)).
-4
What is the value of (2 - 5) + (-13 - -18) + 3?
5
Evaluate -5 - (-8 - (-3 - 5)).
-5
Calculate -5 + 4 + (-2 - -3) - -2.
2
Calculate -26 + 9 + 10 + -1 + 13.
5
What is -4 - (3 - (-8 + (4 - -4)))?
-7
Evaluate (-2 - (-6 + 0) - 0) + -5.
-1
Evaluate -6 - -8 - ((1 - -1) + 4).
-4
What is the value of (6 - (2 + -1)) + -195 + 196?
6
Evaluate 2 - (-3 - (-6 - -4)).
3
What is -2 + (4 - 5) + (6 - -1)?
4
Calculate -5 + 7 + -4 + (3 - -1).
2
Calculate -4 + (8 - 4) + 1.
1
Calculate 1 - -10 - (-45 + 56).
0
What is -1 + -5 + 13 + -13 + -2?
-8
(1 + -4 - -8) + -12 - -17
10
What is the value of (-16 - (11 + -28)) + (-7 - 1)?
-7
8 + -7 + (4 - 1)
4
-1 + 1 - 0 - 5
-5
Evaluate -4 + (3 - (0 + 0)) + -4.
-5
What is 5 + 0 + -2 - (-1 - 5)?
9
Evaluate 12 - (18 + (1 - 4)).
-3
Evaluate -3 - 0 - (-16 + 12).
1
5 + -1 + -2 + -2 + 3
3
Evaluate 2 - (-2 + 3) - (-1 - 0).
2
Evaluate 2 - (1 - (-2 - (4 + -3))).
-2
What is the value of (-7 - -1) + (-24 - -17 - -7)?
-6
-2 - (15 - 10 - 13)
6
What is the value of 1 + (2 + -4 - 1 - -1)?
-1
What is the value of -4 - (4 + (0 - 4))?
-4
What is the value of (3 - 2) + 1 - 2?
0
What is (-1 - 1) + -4 + 2?
-4
Calculate 7 + (-3 - (-4 - (-5 + 1))).
4
2 - 1 - (0 + 1 + -5)
5
What is 5 + -5 + 4 + 0?
4
Calculate -10 + -5 + -31 + 42.
-4
Calculate -2 + (6 - (2 + 2)) - -2.
2
What is 19 + (-3 - (13 + -3))?
6
Evaluate 0 - 3 - (3 - (1 + 0)).
-5
Evaluate -8 - (2 + -7) - -8.
5
What is the value of (-6 - (0 - 0)) + 52 + -46?
0
What is 3 + 1 - (14 + -7)?
-3
What is -4 - -3 - (-3 + -6)?
8
8 - (0 + -1 - (-2 + -2))
5
What is the value of (1 - 4) + 2 + -3 + 4?
0
Evaluate 17 + -15 + (1 - 4).
-1
-2 - -1 - 5 - -6
0
What is 7 - (7 + (-1 - 2))?
3
What is the value of (-4 - -1) + (4 - -1 - 1)?
1
What is the value of 4 - (-3 + -7 + 16)?
-2
What is the value of -2 - (-1 + 7 + -2 + -1)?
-5
What is the value of 6 + (-11 + 18 - (12 + -1))?
2
-8 + (-4 - -7) + 0 - -3
-2
Calculate 49 - 53 - (0 - 5).
1
What is -5 + (1 - 1) + 5 - -3?
3
What is the value of (-2 - (-7 + 3 - -2)) + 2?
2
3 + (1 - (1 - 2))
5
-5 + 14 + (10 - 4 - 8)
7
What is 0 + 2 + 0 + (2 - -1)?
5
What is 4 + -1 + -1 + -3 + -2?
-3
What is the value of 7 + -1 + 4 + -2 + -5?
3
Evaluate 13 - (14 - 14 - -14).
-1
1 + (-7 - (-3 - -3)) + 6
0
What is the value of (6 - (6 + (-4 - 0))) + 0?
4
1 - (-5 + 2 + 8)
-4
What is the value of (-4 - (4 - 3) - -6) + -3?
-2
-7 + 4 - -3 - -4
4
Calculate 28 + -31 + (4 - 9).
-8
Evaluate -16 + 14 + (-2 - 0).
-4
-3 - (4 + -4 + 2 - 9)
4
2 + 1 + (2 - -2) + -8
-1
-10 + 10 + (-11 - -5)
-6
What is the value of -8 + 3 + 9 - 10?
-6
What is -1 + (4 - (-11 - -7) - 6)?
1
What is the value of (0 - 1) + (0 + -4 - -1)?
-4
3 + (0 - 2) - (19 + -22)
4
What is -5 - (4 - 2 - (3 + 1))?
-3
Calculate 1 + (-3 - -4) + 2 + 4.
8
Evaluate -7 + 3 - (-1 + -7).
4
Calculate 25 + -18 + 3 + -10.
0
(-4 - 1) + 0 - (-3 + 1)
-3
(-7 - -5) + (-3 - -5)
0
4 + (-4 - (0 - -3))
-3
Evaluate -2 + 3 + -7 - (-1 - 1).
-4
Evaluate 3 - 4 - 4 - -4.
-1
4 + -2 + -2 - -3 - 1
2
Evaluate (-3 + 4 - -1) + -1 + 1.
2
-7 + 3 + -1 + 4
-1
Calculate 5 - (-2 + (0 - -8)).
-1
-1 - (5 + -11 + (-1 - -1))
5
9 + (-4 + -1 - 0)
4
2 - (5 - 2 - 3) - 0
2
What is the value of 9 - 2 - (41 - 29)?
-5
What is the value of -2 - 0 - 1 - (1 + -8)?
4
Calculate 9 - 7 - (2 - 4).
4
What is the value of 0 + -8 - (3 + (-6 - 0))?
-5
What is (9 - 13) + 7 + -1 + 3?
5
Calculate (0 - -10 - 6) + (-1 - 4).
-1
What is the value of 5 + 6 + (-16 + 4 - -6)?
5
What is 4 - (0 + (-3 - -3))?
4
What is (-1 - -7) + -1 + -3 + 0?
2
Calculate (-6 - -10) + (-2 - -3).
5
Evaluate (-9 - (-18 - -4)) + -12.
-7
What is the value of 1 - (1 - ((4 - 1) + -3))?
0
What is (3 - (11 - 11)) + (4 - 1)?
6
Evaluate 66 + -70 + (0 - -12).
8
Evaluate (71 - 69) + -1 + -3.
-2
What is (-3 - 2) + 11 + -8?
-2
Calculate 1 + -2 + -3 - 1.
-5
What is (28 - (12 - -2)) + -5?
9
What is 1 - 4 - (-9 - 1 - -3)?
4
What is the value of (-14 + -7 - -7) + (8 - 2)?
-8
What is -6 - (1 - 5) - (2 + -9)?
5
What is -9 + (-1 + 5 - 0) + 3?
-2
Calculate 4 - (-2 - (-4 - -4)).
6
Calculate -3 + (-4 - -2) - -10.
5
Evaluate -33 + 35 - (1 - (-2 - -3)).
2
What is 0 + -5 + -3 - (6 - 7)?
-7
Calculate -7 + 2 + 6 - 7.
-6
What is 13 - 15 - (-4 + 4)?
-2
Evaluate -2 + 3 + -8 - (-6 + 4).
-5
What is -26 - -36 - (0 + 8)?
2
What is the value of (2 - 6) + 2 - (-8 - -7)?
-1
-14 + 4 + -2 + 7
-5
(-2 - -8) + -15 + 13 + 3
7
(1 - 2 - 1) + (5 - 1)
2
What is 0 - -4 - (3 + 6)?
-5
-7 + 10 + (5 - 2)
6
(4 - 7) + 0 - 1
-4
Calculate (-9 - -15 - -6) + -18.
-6
Evaluate -1 - (-5 - -3) - 4 - -3.
0
What is the value of -2 - 9 - -12 - (1 - 5)?
5
Calculate -3 - (1 - (4 + -1)).
-1
What is (-17 - -17) + (1 - -5)?
6
What is -2 + 1 + -2 + (-31 - -32)?
-2
Evaluate (-13 - -11) + 14 + -10.
2
What is 5 - (4 + -3 - -2)?
2
Calculate -23 + 29 + 1 + -3.
4
-6 - 4 - -6 - -5
1
-6 - -4 - 3 - (-1 + -3)
-1
Calculate 7 + -1 + (-20 - -20) - 7.
-1
Evaluate 5 - -8 - 9 - 1.
3
Calculate 6 - (-5 + 8) - (3 - 1).
1
What is the value of -8 + 1 - (65 - 77)?
5
Evaluate (0 - 0) + 11 + (-11 - -5).
5
Calculate 4 - (-1 + 2 + -2 - -3).
2
Evaluate -4 + 0 + 0 + (-1 - -8).
3
What is the value of -1 - -5 - (6 + -1 + 4)?
-5
(4 - 3) + 8 + -3 + 0
6
-2 + (2 + 0 - (2 - 3))
1
What is -12 + (-5 - -5) - -21?
9
What is (-2 + 1 - -3) + 1?
3
What is (1 - -3) + 102 + -97?
9
Evaluate 0 - (4 - (2 + 4)).
2
Calculate 14 + -25 + (19 - 1).
7
Calculate (-16 - (13 + -21)) + -1 + 12.
3
Evaluate -1 - (5 - 2 - (2 - 2)).
-4
-4 + -5 + 0 + 9
0
Evaluate 6 - (4 + -6 - -5).
3
Evaluate 1 + (2 - (-1 - (-2 + -1))).
1
Evaluate 4 - 2 - -3 - 1.
4
What is the value of -7 + 8 + (-2 - -3)?
2
Evaluate -5 + 5 + -4 - -3.
-1
Calculate 5 - (-5 - (-12 - -4)).
2
4 + (3 - (4 - -3))
0
Evaluate -1 + (-5 - -1) + 9 + -7.
-3
What is the value of (-1 - 3) + 0 + (422 - 416)?
2
What is 6 + 1 + (-2 - (1 - 2))?
6
Evaluate (-1 - 2) + 8 + -4.
1
Calculate -1 + -2 + (0 - (-3 + 1)).
-1
(4 - 1) + -4 + (3 - 7)
-5
What is 4 + (-4 - -2 - 2) - 3?
-3
Evaluate 2 - (6 - 5) - (5 - 3).
-1
What is -19 + 23 + (-1 - 0) - -1?
4
What is -7 - (0 + 10 + -11)?
-6
What is 3 - 2 - (4 + -7)?
4
Calculate 2 + -2 + (-5 + -4 - -3).
-6
Calculate -1 + 0 + 0 + 2 + -2.
-1
0 - -4 - (3 + -4)
5
What is the value of 4 + -5 + (-1 - -5 - 2)?
1
1 - 4 - (-8 + 8)
-3
What is 1 + -1 - -3 - (-67 - -70)?
0
What 